te the greatest common factor of 18804097 and 26.
13
What is the highest common factor of 56 and 23608221?
7
What is the highest common factor of 405756 and 4527900?
1404
What is the greatest common factor of 7020 and 28292355?
1755
Calculate the highest common divisor of 114434810 and 140.
70
Calculate the highest common factor of 158118 and 942576.
438
Calculate the greatest common divisor of 207300 and 68730.
30
Calculate the greatest common divisor of 38 and 21658765.
19
What is the highest common factor of 35880872 and 672?
8
Calculate the greatest common divisor of 41741119 and 17584.
1099
What is the greatest common divisor of 5120 and 16?
16
What is the highest common factor of 6437790 and 72?
18
Calculate the greatest common factor of 3168 and 85135842.
198
What is the greatest common factor of 155502 and 69642?
954
Calculate the greatest common divisor of 11410944 and 49920.
768
What is the greatest common divisor of 3305466 and 117?
9
What is the highest common divisor of 1095 and 1061759815?
365
Calculate the highest common factor of 517383523 and 103.
103
Calculate the greatest common divisor of 142416 and 378486.
774
What is the highest common factor of 41215 and 255?
5
Calculate the highest common factor of 1421 and 5106001.
29
Calculate the highest common factor of 140250 and 259845.
255
What is the highest common divisor of 189 and 61130328?
21
Calculate the greatest common factor of 82038 and 39549774.
7458
Calculate the greatest common divisor of 134963353 and 7.
7
What is the highest common factor of 6212580 and 1980?
660
Calculate the highest common factor of 31468730 and 82.
82
Calculate the highest common divisor of 10824816 and 360.
24
What is the highest common factor of 22889587 and 105266?
721
What is the highest common factor of 242033763 and 219?
219
What is the greatest common factor of 162138869 and 6377?
911
Calculate the highest common divisor of 5214 and 70842.
6
What is the highest common divisor of 4 and 385417748?
4
Calculate the highest common divisor of 1708 and 8035774.
122
Calculate the greatest common divisor of 1645390 and 7955.
185
Calculate the highest common factor of 8 and 133666488.
8
What is the highest common factor of 25418685 and 135?
15
Calculate the greatest common divisor of 50 and 217219100.
50
What is the greatest common divisor of 1987 and 49341184?
1987
What is the highest common divisor of 47878064 and 5409?
601
What is the greatest common divisor of 7791 and 8552769?
159
What is the greatest common factor of 302823 and 2439?
9
Calculate the highest common factor of 213226432 and 434.
62
Calculate the highest common factor of 86028 and 887415.
201
Calculate the greatest common divisor of 137466 and 58186303.
7637
What is the highest common factor of 63369 and 61749?
27
What is the greatest common factor of 2601 and 739381?
17
Calculate the highest common divisor of 21409816 and 56.
8
What is the highest common factor of 2334827 and 2255?
451
Calculate the greatest common factor of 59904 and 68224.
1664
Calculate the highest common factor of 13382456 and 47212.
4292
What is the greatest common divisor of 12605493 and 171?
57
What is the highest common factor of 9711592 and 5940?
44
Calculate the greatest common divisor of 3016 and 32297416.
232
Calculate the highest common divisor of 10960 and 3390065.
685
Calculate the greatest common divisor of 15593 and 833471.
503
What is the greatest common divisor of 29 and 12219875?
29
Calculate the greatest common divisor of 2200386 and 900488.
7262
Calculate the greatest common divisor of 3851490 and 97730.
290
What is the highest common divisor of 2001 and 5918291?
667
What is the highest common divisor of 26 and 15596087?
13
What is the greatest common factor of 74652212 and 14004?
1556
What is the highest common divisor of 1365 and 860055?
105
Calculate the greatest common divisor of 80 and 1621520.
80
Calculate the greatest common factor of 108319481 and 10401.
3467
Calculate the highest common factor of 908439 and 233264.
239
What is the greatest common factor of 272 and 656323896?
136
Calculate the greatest common factor of 5825740 and 1380.
20
Calculate the greatest common divisor of 2358 and 14198697.
1179
What is the highest common factor of 63540 and 1222320?
60
Calculate the greatest common divisor of 142 and 553637268.
142
What is the greatest common factor of 1157 and 107220347?
1157
What is the greatest common divisor of 36320 and 13532605?
1135
What is the highest common divisor of 5408 and 150535398?
338
Calculate the greatest common divisor of 168 and 515859036.
84
What is the greatest common factor of 120 and 173784?
24
What is the highest common divisor of 490978368 and 256?
64
What is the greatest common divisor of 19854 and 89106?
6
What is the greatest common divisor of 2597676 and 3162?
186
Calculate the greatest common divisor of 119425 and 43775.
425
What is the highest common factor of 46 and 13510706?
46
Calculate the greatest common factor of 30861585 and 1395.
1395
Calculate the greatest common divisor of 15632 and 13788401.
977
Calculate the greatest common divisor of 7776 and 12192.
96
What is the highest common factor of 2193508464 and 56?
56
Calculate the greatest common factor of 1402992 and 173088.
144
Calculate the highest common factor of 16847 and 15862937.
991
Calculate the highest common divisor of 34818 and 12.
6
What is the highest common divisor of 55152574 and 1978?
1978
Calculate the greatest common divisor of 336 and 9528.
24
Calculate the greatest common divisor of 79115393 and 356.
89
Calculate the highest common divisor of 6149 and 2186249.
559
Calculate the greatest common factor of 1142610600 and 2746.
2746
What is the highest common divisor of 34 and 370703887?
17
Calculate the greatest common factor of 21956 and 9581.
11
What is the greatest common factor of 1846944 and 2421?
9
What is the highest common divisor of 195510 and 95190?
570
What is the highest common factor of 8706618 and 4662?
666
What is the greatest common divisor of 23086 and 4890061?
97
What is the greatest common factor of 636 and 3265648?
212
Calculate the greatest common divisor of 118 and 292868035.
59
What is the highest common divisor of 6299125 and 439139?
7199
Calculate the greatest common factor of 158020869 and 1233.
411
Calculate the highest common factor of 255940 and 23386040.
3820
What is the highest common divisor of 684 and 5101284?
12
What is the highest common divisor of 1162436 and 539?
11
What is the highest common divisor of 55403392 and 88?
88
What is the highest common factor of 291807 and 144?
9
What is the greatest common factor of 101 and 43875107?
101
Calculate the greatest common divisor of 14120236 and 592.
148
Calculate the greatest common factor of 3888 and 3986832.
48
What is the highest common factor of 2548 and 3550040?
52
What is the greatest common factor of 60351616 and 104?
104
Calculate the greatest common divisor of 11 and 1031534537.
11
Calculate the highest common divisor of 376 and 7860844.
188
Calculate the highest common divisor of 1086742 and 187.
17
Calculate the greatest common factor of 1897252103 and 4451.
4451
What is the highest common divisor of 52320 and 2401815?
1635
Calculate the highest common divisor of 251775 and 125.
25
Calculate the greatest common divisor of 1386974750 and 11500.
5750
What is the greatest common divisor of 69664698 and 106180?
10618
What is the greatest common divisor of 552 and 2255196?
276
What is the highest common divisor of 6142938 and 16902?
1878
What is the highest common factor of 274209 and 581282?
1027
What is the greatest common divisor of 539 and 325980193?
539
Calculate the highest common divisor of 39565116 and 8.
4
What is the highest common factor of 6 and 76545654?
6
Calculate the highest common factor of 120321321 and 3324.
831
What is the highest common divisor of 506 and 681188332?
506
What is the greatest common divisor of 713179194 and 2262?
2262
What is the greatest common factor of 873713 and 712?
89
What is the greatest common divisor of 551367 and 387?
9
Calculate the highest common divisor of 495 and 21466269.
99
What is the highest common factor of 84684 and 11268?
12
What is the greatest common divisor of 1873547